. Suppose 0 = 5*w + 15, -p + 8 = -3*w - s. What are the prime factors of p?
13
Let f = 9 + -5. What are the prime factors of 1*14/4*f?
2, 7
Let r(j) = 5*j**2 + 1. Let o be r(1). Suppose -o = w - 4*w. Suppose w*i = 31 - 1. What are the prime factors of i?
3, 5
Suppose 0 = -l - 2*l + 120. Suppose 3*x - 4*x + l = 0. List the prime factors of x.
2, 5
Let f be (-256)/(-44) - (-2)/11. Suppose -56 = -f*k + 2*k. Suppose -k = 2*c - 5*c + p, 0 = 2*c - 3*p. What are the prime factors of c?
2, 3
Let s be (1 - -1)/(7/161). Let i = s + -81. What are the prime factors of 14/i - 17/(-5)?
3
Let t be ((-7)/(-21))/((-1)/6). Let o = t - -20. What are the prime factors of o?
2, 3
List the prime factors of ((-372)/3)/(3 - 5).
2, 31
Suppose 6*t = 3 + 33. What are the prime factors of t?
2, 3
Suppose 5*u - 3*v = -v + 530, 2*u - 212 = -v. List the prime factors of u.
2, 53
Let x = 23 + 83. List the prime factors of x.
2, 53
Let n be (-3)/2*(-10)/3. Suppose 9*v - n*v - 68 = 0. List the prime factors of v.
17
Let c = -299 + 493. List the prime factors of c.
2, 97
Suppose -401 = 5*b - 4*o - 1083, -5*b - 5*o + 655 = 0. List the prime factors of b.
2, 67
Suppose -25 = 5*m, -2*m + 23 = 4*u + 3*m. Let q = 17 - u. Suppose -q*x + 25 = -0. What are the prime factors of x?
5
Let s(j) be the first derivative of -3*j**2 - j - 3. Let y be s(-1). Suppose 3*p = y*z + 34, 5*p = -2*z + z + 38. List the prime factors of p.
2
Let z(d) = 2*d**2 - 10*d + 11. What are the prime factors of z(6)?
23
Suppose 0 = 2*r + 3*v - 302, -5*r = -2*v - 516 - 220. What are the prime factors of r?
2, 37
Let r = -20 + 23. Suppose -r*p = p + k - 192, -144 = -3*p + k. What are the prime factors of p?
2, 3
Let m(r) = 9*r**2 - r + 38. What are the prime factors of m(-6)?
2, 23
Let x(y) = -y**3 - 12*y**2 - 3*y - 1. Let v be x(-12). Let b = v - 14. List the prime factors of b.
3, 7
Let m(c) = 10*c - 54. List the prime factors of m(23).
2, 11
Let u(w) = -w**2 + 9*w + 14. Let z be u(10). Let x be (-40)/18 - z/(-18). Let k(f) = 4*f**2 + 4*f + 2. List the prime factors of k(x).
2, 5
Let p(d) = d**2 + 8*d - 1. What are the prime factors of p(-11)?
2
Suppose -11 = 2*c - 33. What are the prime factors of c?
11
Let z = 159 + -110. Suppose 0*r + 4 = r. Suppose -r*v = 13 - z. List the prime factors of v.
3
Suppose -2*h - 2 + 8 = 0. Let b(f) = 5*f**2 + f**2 + h*f - 2*f. List the prime factors of b(-1).
5
Let w = 75 + -131. Let n be w/(-6)*3/2. Suppose -g = -n + 6. What are the prime factors of g?
2
Let s = -100 + 177. List the prime factors of s.
7, 11
Let l be 2 + -3 + (1 - -52). Let z = l + -37. List the prime factors of z.
3, 5
Suppose -525 = -2*b - 3*b. Suppose -u = 4*u - b. List the prime factors of u.
3, 7
Let d(o) = -3*o. Suppose 0 = j - 0*j + 2. Let g be d(j). Suppose w = -2*z + 5, g*w - 2*w = 5*z - 32. What are the prime factors of z?
2
Let y = 232 + -98. Suppose -2 = -4*b + y. What are the prime factors of b?
2, 17
Suppose 0*g = 5*g - 295. List the prime factors of g.
59
Suppose -13 = 2*o - 5. Let h(t) = 1. Let m(d) = d - 8. Let s(n) = -5*h(n) - m(n). What are the prime factors of s(o)?
7
Let p be (-12)/(-15)*(-10)/(-4). Suppose 0 = p*n + 3*a - 16, 3*a - 6 = 4*n - 2. Suppose -n*y + 22 = 2*v, 2*y = y - 4*v + 17. List the prime factors of y.
3
Let y = 363 + -197. What are the prime factors of y?
2, 83
What are the prime factors of 76 + 4/(-12)*-3?
7, 11
Suppose 2*n + 3*w = -4, -5*n + 2*w + 40 = -3*w. Suppose j - n = -m + 7, 8 = 4*m. What are the prime factors of j?
3
Let x = 26 - -47. List the prime factors of x.
73
Let n = 8 + 0. List the prime factors of (-20)/n*(-12)/10.
3
Let k(m) = 5*m - 20. Suppose -3*t + 55 = 5*f, -4*f + 0*f - 4*t + 44 = 0. Let s(j) = 2*j - 7. Let v(i) = f*s(i) - 4*k(i). List the prime factors of v(6).
3, 5
What are the prime factors of (-2)/13 + 164/52?
3
Let h(k) = 2*k**2 + 3*k + 2. Let n be h(-2). Let r = n - 6. List the prime factors of (12/15)/(r/(-40)).
2
Let r(o) = -o**2 - 13*o - 14. What are the prime factors of r(-10)?
2
Let w be 2/(-5)*(-50)/1. Let a be ((-4)/10)/((-4)/w). What are the prime factors of 3/a - (-60)/8?
3
Let k(u) be the first derivative of 17*u**2/2 + 2. List the prime factors of k(2).
2, 17
Let d(v) = -v**3 - 13*v**2 + 10*v - 28. List the prime factors of d(-15).
2, 17
Let d(m) be the third derivative of -m**4/12 - m**3/6 + m**2. Let i be d(1). List the prime factors of (2/i)/((-4)/54).
3
Let j(d) = d - 7. Let m(z) = -z + 6. Let i(h) = -4*j(h) - 3*m(h). List the prime factors of i(7).
3
Let g(l) = -3*l - 7. Let c be g(-5). Let r = -5 + 2. Let v = c - r. What are the prime factors of v?
11
Suppose -2*d - 4*r + 24 = -94, r + 212 = 3*d. List the prime factors of d.
3, 23
Let m(f) = -f**3 + 5*f**2 + 5*f + 6. Let s be m(6). Suppose s*g = 5*g - 30. List the prime factors of g.
2, 3
Let n(s) = -17*s**3 - 4*s**2 - 2*s + 7. Let i(k) = -9*k**3 - 2*k**2 - k + 4. Let h(u) = -11*i(u) + 6*n(u). List the prime factors of h(-2).
2
Let p(j) = 0*j**3 - 3 - 4 - 3*j**2 - 3*j**3 + 4*j**3. What are the prime factors of p(4)?
3
Let y be -6*(-1 - 1/(-3)). Let b = y + 2. Let l = b - 2. List the prime factors of l.
2
Let o = -7 - -14. Let i(a) = 7*a + 2*a**2 + 12 - o - 3. What are the prime factors of i(-5)?
17
Let o = 37 + -19. Let p = 33 - o. What are the prime factors of p?
3, 5
Let x = 49 - -51. What are the prime factors of x?
2, 5
Let f be 3/(-18)*-3*0. Let r(t) = t + 16. Let c be r(f). Suppose -3*k - c = -5*k. What are the prime factors of k?
2
Let t be -3 - (2 - 3)*9. Suppose -3*s - 5*r = -2*r + t, -s + 4*r + 23 = 0. What are the prime factors of s?
3
Suppose 7*z - 2*h = 4*z + 242, -152 = -2*z - h. List the prime factors of z.
2, 3, 13
Let c(k) = k**2 - 2*k + 1. Let j be c(1). Let m(w) = -w**3 + 10. Let b(p) = p**2 + p - 1. Let o(z) = -b(z) + m(z). What are the prime factors of o(j)?
11
Let h = 74 - 44. What are the prime factors of h?
2, 3, 5
What are the prime factors of 6/4*(-32)/(-6)?
2
List the prime factors of 1 + (-14)/12 - (-2519)/66.
2, 19
Let a(o) = 6*o**2 - 13*o - 5. Let m(t) = -3*t**2 + 7*t + 3. Let q(j) = 3*a(j) + 5*m(j). List the prime factors of q(3).
3, 5
Let j(s) = -3*s - 3. Let u(b) = -2*b. Let w be u(-2). Let c be j(w). Let k = 24 + c. List the prime factors of k.
3
Let f(l) = l. Let b be f(-5). Let i = b - -5. Suppose 3*a = -i*a + 18. List the prime factors of a.
2, 3
Let b be 24/(-30)*5/(-2). Suppose -2*w = -w - b, 5*h = w + 253. What are the prime factors of h?
3, 17
Let z(w) = -w**3 + 6*w**2 + 6*w - 6. List the prime factors of z(6).
2, 3, 5
Let p = -8 - -12. Suppose -p*k + 22 = 3*u - 3, -4*u - k + 16 = 0. What are the prime factors of u?
3
Let g = -1 + 7. Suppose 4*y - g*y = -24. What are the prime factors of y?
2, 3
Let m(i) = -i**2 + 13*i. Let r be m(12). Suppose -5*p = -p + r. List the prime factors of 2 - p - 2 - -2.
5
Let z be (132*1)/4 + -3. Suppose 5*k + z = 7*k. What are the prime factors of k?
3, 5
Let p(t) = 46*t + 7. List the prime factors of p(2).
3, 11
Let w = 16 - -6. What are the prime factors of w?
2, 11
Let c = 1 + 3. Let m(a) = -16*a**3 + 15*a**2 + 31*a + 1. Let s(x) = -3*x**3 + 3*x**2 + 6*x. Let k(y) = 2*m(y) - 11*s(y). What are the prime factors of k(c)?
2
Let u(b) = 58*b**2 + 2*b - 1. List the prime factors of u(1).
59
Let a(d) = 0*d + d - 3*d. Let t be a(-3). Let s(h) = 3*h - 9. List the prime factors of s(t).
3
Let r = -34 - -36. List the prime factors of r.
2
Let t be (-11)/(-4) + 2/8. Suppose 0 = t*u - 15. What are the prime factors of u?
5
Let p(c) = -c**3 + 3*c**2 + 9*c + 4. Let w be p(5). Suppose -3*x = 2*x - 25. What are the prime factors of 2*(x + (0 - w))?
2, 3
Let i(c) = -22*c**3 - c**2 - c - 1. Let t(g) = -g + 6. Let n be t(13). Let a = n - -6. What are the prime factors of i(a)?
3, 7
Let a = 57 - 39. Suppose 5*i = 2*i + a. What are the prime factors of i?
2, 3
Suppose -4*x - 3*q = -87, -2*x - x - 3*q = -69. List the prime factors of x.
2, 3
Let h(j) = -1 + j - 4*j + 2. Let z be h(2). Let i(a) = a**2 + 4*a - 3. What are the prime factors of i(z)?
2
Let b = 21 - 10. Suppose 0 = -4*k + 2 + 6. Suppose k*w - b = -3. What are the prime factors of w?
2
Let l be (9/4)/((-3)/12). Let p = 11 - l. What are the prime factors of p?
2, 5
Let r(i) = -i**2 + 2*i. Let p be r(2). Suppose p = 5*k - 0 - 20. Suppose -n - h + 14 = 0, 2*n - 38 